- -1201100010?
1121112021
In base 3, what is 11 + 1200112022010?
1200112022021
In base 3, what is -101220102 - 10100110201?
-10202101010
In base 6, what is 10121400 + -353?
10121003
In base 2, what is 1111000100110100110 + -1111?
1111000100110010111
In base 8, what is 1242 + 372641?
374103
In base 5, what is -130201 + -1431302?
-2112003
In base 9, what is 336 + 1127678?
1128125
In base 10, what is 8 - 21190194?
-21190186
In base 15, what is -5 - 4605e4?
-4605e9
In base 12, what is 7272 + -154b?
5923
In base 4, what is -1 - -330310113322?
330310113321
In base 7, what is 334412241 - 6?
334412232
In base 4, what is 12 + 122022203012?
122022203030
In base 5, what is -1442012 - 2442?
-2000004
In base 10, what is -134 - -113997?
113863
In base 6, what is 54021222 + 2211?
54023433
In base 15, what is e52c74 - -5?
e52c79
In base 14, what is b23 - -976?
1699
In base 13, what is 39089 + 11?
3909a
In base 16, what is -1ef + -391?
-580
In base 5, what is 121430024 + 11?
121430040
In base 15, what is -19813b + -3?
-19813e
In base 16, what is e2e - 7ba8?
-6d7a
In base 3, what is -200102002020101 - 101?
-200102002020202
In base 2, what is 100011111000001101 + -1100010100?
100011101011111001
In base 14, what is -197 - 177c4b?
-178004
In base 12, what is -56a109a1a + -2?
-56a109a20
In base 4, what is -10112 + -1030321201?
-1030331313
In base 14, what is -532 + 1a819?
1a2c7
In base 14, what is -14 + 2dcb2c?
2dcb18
In base 16, what is 1de6c - -1e11?
1fc7d
In base 9, what is 4235855 + 22?
4235877
In base 5, what is -14301343 + 32002?
-14214341
In base 7, what is -5 - 31602430?
-31602435
In base 16, what is 81a + 11c?
936
In base 9, what is 8833388 - -15?
8833414
In base 5, what is -30314240 + -104232?
-30424022
In base 15, what is -78cd + -4de?
-7dbc
In base 10, what is -781 - -192?
-589
In base 16, what is 48daf - -33?
48de2
In base 3, what is -2100122222 - 20221?
-2100220220
In base 5, what is -10 + 1023143320?
1023143310
In base 16, what is 11d54ae + -13?
11d549b
In base 15, what is -347987 + 10?
-347977
In base 11, what is 90 + 4153a?
4161a
In base 5, what is 4 + 1101004210421?
1101004210430
In base 2, what is 1110011110011011100000 - -110011?
1110011110011100010011
In base 9, what is -117646304 - -1?
-117646303
In base 4, what is -1013203 - -1103223?
30020
In base 4, what is 10 - -2112202102200?
2112202102210
In base 7, what is 6044045 - 463?
6043252
In base 12, what is -b8 - 455?
-551
In base 11, what is -431444 - 172?
-431606
In base 11, what is -218815 - 61?
-218876
In base 7, what is 1021335 - -4132?
1025500
In base 12, what is 230 + -287980?
-287750
In base 7, what is -60 - -5426220?
5426130
In base 16, what is 133c + 59?
1395
In base 8, what is 23175 - -300?
23475
In base 5, what is 223142 - -433021?
1211213
In base 7, what is 1436211 - 404?
1435504
In base 9, what is 382 + -186401?
-186008
In base 7, what is 24244311 + 4?
24244315
In base 9, what is 4224 + 6266?
11501
In base 12, what is -b + 47aa87?
47aa78
In base 12, what is 2a - 11188?
-1115a
In base 7, what is -1026624 - 45541?
-1105465
In base 13, what is 2 + -459729b?
-4597299
In base 14, what is -1822d37 - -5?
-1822d32
In base 4, what is 3013022 + -21231?
2331131
In base 11, what is -40 - -43359?
43319
In base 5, what is -144 + 3001230403?
3001230204
In base 4, what is 113 + -1232211213?
-1232211100
In base 14, what is 2 - -ab192?
ab194
In base 16, what is 17fb7 + -76?
17f41
In base 9, what is -22733628 + 3?
-22733625
In base 6, what is 5 + 404541032?
404541041
In base 11, what is -161 + 41583?
41422
In base 8, what is 4 + -44425206?
-44425202
In base 16, what is 10fe25 + -7?
10fe1e
In base 11, what is 79a6a47 + -20?
79a6a27
In base 9, what is -11211 + -2746?
-14057
In base 2, what is -1101001101110 - -111010101?
-1100010011001
In base 3, what is -1112200201 + -10011?
-1112210212
In base 5, what is -1103134 - 131241?
-1234430
In base 7, what is -122 - 55226345?
-55226500
In base 15, what is 35 + -72678b?
-726756
In base 7, what is 12 + -121111163?
-121111151
In base 15, what is -2cd5c + ac?
-2cca0
In base 3, what is 102211012 + -2121?
102201121
In base 9, what is 2008833 - 8?
2008824
In base 11, what is -a8457 - -559?
-a79a9
In base 12, what is 458 + -25ba?
-2162
In base 8, what is 5 - 77211?
-77204
In base 3, what is 112001001002121 + -100?
112001001002021
In base 9, what is -41517872 + 2?
-41517870
In base 10, what is 2968548 + 21?
2968569
In base 8, what is -21714364 + -20?
-21714404
In base 4, what is 300 - -1121311100?
1121312000
In base 3, what is -10 + -212102022110102?
-212102022110112
In base 11, what is 1917245 - 1?
1917244
In base 7, what is 122202 - -35?
122240
In base 15, what is -64 + -249853?
-2498b7
In base 2, what is 101010011 + -110101101010101?
-110101000000010
In base 11, what is -2a17291 - 0?
-2a17291
In base 5, what is -2344043 - 134231?
-3033324
In base 2, what is 10001000000010011100001010 + -1?
10001000000010011100001001
In base 12, what is 186037 + 63?
18609a
In base 16, what is ab - -149534?
1495df
In base 4, what is -3 + 10011303312122?
10011303312113
In base 11, what is -132 - -103542?
103410
In base 13, what is 806 - -36a90?
37596
In base 4, what is -10210323011 + -2?
-10210323013
In base 6, what is 15122 + -15441?
-315
In base 9, what is 13447 - -1083?
14541
In base 8, what is 4 + -7255206?
-7255202
In base 15, what is 3 - 30850e?
-30850b
In base 2, what is 100110 - 1010010000010011110011?
-1010010000010011001101
In base 7, what is -614234 + 10344?
-603560
In base 8, what is -22355 + -56074?
-100451
In base 15, what is 9 - -110c57?
110c61
In base 6, what is 1032220 + 14122?
1050342
In base 3, what is -20100 - -101011010?
100220210
In base 16, what is 5cfff9 - -22?
5d001b
In base 6, what is 40311123 + -52?
40311031
In base 16, what is 4930 - 64cb?
-1b9b
In base 7, what is 106122660 - 20?
106122640
In base 4, what is 2313332 - -101310?
3021302
In base 2, what is 10111010011011 + 11110011101?
11011000111000
In base 16, what is -6 + eb894a?
eb8944
In base 14, what is -1 + -101db39?
-101db3a
In base 7, what is -233 - 2344533?
-2345066
In base 8, what is -1662171 + -1?
-1662172
In base 14, what is 2 - -65d8c5?
65d8c7
In base 8, what is -12243 + -5524?
-17767
In base 16, what is -84a3ed1 + 4?
-84a3ecd
In base 2, what is -100110011101010 + 10000100011011?
-10101111001111
In base 11, what is 1 + 1456006?
1456007
In base 3, what is 12010101000202 + -12?
12010101000120
In base 10, what is -1493956 - -11?
-1493945
In base 7, what is -24012254 - -1?
-24012253
In base 11, what is 2 + 3422897?
3422899
In base 5, what is -22122022422 + -32?
-22122023004
In base 11, what is -4a7 + 92029?
91632
In base 2, what is -11011001111 + -1001001001101011?
-1001100100111010
In base 5, what is 443313 - 120143?
323120
In base 7, what is -34545 - 331143?
-366021
In base 14, what is 199a + 29db?
4597
In base 11, what is 378409 - -a6?
378504
In base 12, what is -7a + -119a89?
-119b47
In base 15, what is -3a72c - 69?
-3a796
In base 9, what is -43233252 - 5?
-43233257
In base 13, what is 123b7a4 - 2?
123b7a2
In base 9, what is 786100 + 274?
786374
In base 6, what is -51 - -124420241?
124420150
In base 11, what is 5602 + -2a8?
5305
In base 8, what is -141210 + 110?
-141100
In base 10, what is 541 - -50595?
51136
In base 13, what is 15c158 - 3?
15c155
In base 14, what is 7341 + 8?
7349
In base 7, what is 120 + 110224545?
110224665
In base 15, what is d2964 - 2?
d2962
In base 10, what is -168508 - 16?
-168524
In base 8, what is -7 - -314415066?
314415057
In base 10, what is 4 - 48438235?
-48438231
In base 12, what is -18493b3 - 0?
-18493b3
In base 5, what is -23242 + -4401?
-33143
In base 11, what is 64149267 - 4?
64149263
In base 11, what is -2a0268a - 0?
-2a0268a
In base 6, what is 1055011 - 3351?
1051220
In base 3, what is 201 + -10200220120122?
-10200220112221
In base 9, what is -1 - -17024831?
17024830
In base 2, what is -1010 - -1011001000111000000100011?
1011001000111000000011001
In base 9, what is -14803124 + 5?
-14803118
In base 7, what is -323314660 - 3?
-323314663
In base 2, what is -1101011111 + -1000100100001100001?
-1000100101111000000
In base 15, what is -123a68 - -a7?
-1239b1
In base 9, what is -114154 + 1358?
-112685
In base 16, what is -8b93b8b + -7?
-8b93b92
In base 14, what is